5/15 + 2*k**3/3 + 3*k**2. Suppose 5*l - l = 44. Calculate the remainder when l is divided by i(4).
3
Let b = -74 - -109. Calculate the remainder when 172 is divided by b.
32
Let g = -30 + 48. Calculate the remainder when g is divided by 4.
2
Let z(x) be the second derivative of -x**3/6 + 3*x**2 - 5*x. What is the remainder when 17 is divided by z(0)?
5
Suppose 0 = 4*z + 4*q - 588, -6*q + 2*q = -4. Calculate the remainder when z is divided by 37.
35
Calculate the remainder when 25 is divided by (1/3)/(11/363).
3
Let p(v) = -v**3 - 5*v**2 - 3*v + 7. Let k be (-1*1)/(5/25). Calculate the remainder when p(k) is divided by 6.
4
Let x = -45 + 19. Let i = -17 - x. Calculate the remainder when 24/(0 - 6/(-4)) is divided by i.
7
Let v(h) = 11*h + 4 + 1 - 3. Let p be v(2). Suppose 0*t - 2*t = -p. What is the remainder when 34 is divided by t?
10
Let a = -37 + 112. Suppose 138 = 5*n + z, -3*n - 4*z + 7*z = -90. Let m = n - 9. Calculate the remainder when a is divided by m.
18
Suppose 2*a = 2*x + 2, 2*a + x - 4*x = 1. Let n be (0 - -2) + (-1)/1. Suppose -5*f + 4 = -n. What is the remainder when a is divided by f?
0
Suppose 2*o - 53 = 5*y, 4*y = o + y - 25. Calculate the remainder when o is divided by 9.
7
Let i(u) = u + 9. Let o be i(0). Let h = 17 - o. Let g(j) = j**2 + 3*j - 5. Calculate the remainder when g(-6) is divided by h.
5
Let l be 10/(-4)*24/(-15). Suppose 0 = -l*i - z + 13, -i + z + 4 = -3. What is the remainder when 11 is divided by i?
3
Let x = 111 - 27. Calculate the remainder when x is divided by 29.
26
Let f(v) = -3*v - 9. What is the remainder when f(-6) is divided by (0 - 1)/(5/(-7 - 3))?
1
Suppose 0 = s + 11 - 21. What is the remainder when 67 is divided by s?
7
Let s(a) = a**3 + 6*a**2 + a. Suppose -4*v = 2*i - 44, -6*i + i + v + 154 = 0. Suppose -2*q = -4*q + i. What is the remainder when s(-4) is divided by q?
13
Let y = -27 - -17. Let d = -6 - y. Suppose -18 = -4*h - d*q + 50, -2*h + 5*q = -62. Calculate the remainder when h is divided by 12.
9
Let t = 104 - 89. Calculate the remainder when t is divided by 8.
7
Let o be (-4)/6 - (-190)/15. Let z = -7 - -26. Let m = z - o. What is the remainder when m is divided by 4?
3
Suppose -10*t + 11*t - 49 = 4*d, -4*t + 5*d = -152. Calculate the remainder when 85 is divided by t.
19
Calculate the remainder when 198/7 + (-16)/56 is divided by 10.
8
Let j be 6/9 - (-49)/3. Let h = 27 - j. Calculate the remainder when h is divided by 3.
1
Let m = -3 + 6. Suppose -3*q - m*g + 38 + 4 = 0, -2*q = g - 25. Calculate the remainder when q is divided by (1 + -5 - -5) + 3.
3
Let s(h) = 2*h**3 - 25*h**2 - 12*h + 15. Calculate the remainder when 50 is divided by s(13).
22
Let y(l) = 3*l**2 + 5*l - 2. Let u = 2 - -1. Calculate the remainder when y(u) is divided by 14.
12
Let q = -74 + 116. Calculate the remainder when q is divided by (17 - 6/2) + 1 + 0.
12
Suppose -5*x = -4*o - 70, 2*x = -3*x - 2*o + 40. Suppose 2*v - 56 = -0*v. Calculate the remainder when v is divided by x.
8
Let r be 2/(-10) + (-318)/(-15). Suppose 5*i - 74 - r = 0. What is the remainder when 35 is divided by i?
16
Suppose 4*m = 3*z - 7 + 95, -2*z = 5*m - 110. Let n = -13 + 24. Calculate the remainder when (m - 0) + 0 - 1 is divided by n.
10
Let h = 48 - 33. Suppose -2*i = -2*u - 2 - 4, 4*i - u - h = 0. Suppose -5*f + f = -i. What is the remainder when f is divided by 1?
0
Let o(n) be the second derivative of n**4/12 - 7*n**3/6 - 5*n**2/2 + 4*n. What is the remainder when 13 is divided by o(8)?
1
Let p(d) = -4*d - 1. What is the remainder when 168 is divided by p(-11)?
39
Suppose -4*d = -4*z - 72, -4*d + 39 = -2*d - z. Calculate the remainder when 59 is divided by d.
17
Let z(k) = k**3 - 12*k**2 + 14*k - 6. What is the remainder when 133 is divided by z(11)?
25
Suppose 0 = 3*j + 5*c - 54, -j - 5*c + 28 = -0*j. What is the remainder when 758/16 + (-27)/72 - -3 is divided by j?
11
Suppose -8*a + 45 = -5*a. Suppose a + 349 = 4*n. Calculate the remainder when n is divided by 31.
29
Let w(p) = p**3 - 6*p**2 + 6*p + 4. What is the remainder when 26 is divided by w(5)?
8
Let d = 27 + 60. Calculate the remainder when d is divided by 23.
18
Let g(d) = -d**3 + d + 11. Let z be 1*(-4)/2 + 51. Suppose -4*q + z = -115. Calculate the remainder when q is divided by g(0).
8
Let c be 2 + (-8)/(-2) + -2. Let u(q) = 2*q - 2. What is the remainder when 10 is divided by u(c)?
4
Calculate the remainder when 151 is divided by (30/105 - (-173)/7) + -3.
19
Let b(y) = y**3 + 5*y**2 - 2*y - 7. Suppose -g - 4 = -0*g - q, 3*g - 2*q + 16 = 0. Let w = -3 - g. Calculate the remainder when w is divided by b(-5).
2
Let b(x) = x**2 - 7*x + 2. Let k be b(7). Suppose 2*n = -a + 30 + 23, -k*a = n - 91. What is the remainder when a is divided by 15?
13
Let l be (-6 - -3)/((-3)/(-4)). What is the remainder when 35 is divided by (9 - l) + 1 + -1?
9
Suppose -2*t - 6 = 0, -6*t + 2*t = -4*u + 52. Let y = 15 + u. What is the remainder when y is divided by 9?
7
Let b be 13 + (-1 - (1 + 0)). Suppose 0 = 5*q - b - 19. Suppose 0*k + 4 = k. Calculate the remainder when q is divided by k.
2
Suppose -4*v - 17 = -r, 0 = r - 0*v + 4*v + 15. What is the remainder when (310/50)/(r/5) is divided by 11?
9
Calculate the remainder when (0 - 2)*(-69)/(-12)*-2 is divided by 12.
11
Let t(a) = -a**3 + 11*a**2 + a - 6. What is the remainder when t(11) is divided by 3?
2
Let g = -26 - -31. What is the remainder when 29 is divided by g?
4
Let v(h) = 3*h + 6. Suppose a - 3*a = -2*j - 18, -2*a - 2*j + 10 = 0. Calculate the remainder when v(7) is divided by a.
6
Let z = -71 + 82. What is the remainder when 31 is divided by z?
9
Suppose 3*g = 3*p + 21, 2*p - 11 = 2*g - 5*g. Suppose 34 + 46 = g*s. Calculate the remainder when ((-62)/(-4))/(3/6) is divided by s.
15
Let q be 7299/(-15) - (-3)/5. What is the remainder when (q/(-63))/(3/14) is divided by 19?
17
Let w be (-21)/2*(-4)/6. Let z(h) = h + 5. Calculate the remainder when 35 is divided by z(w).
11
Let j(r) = -r**3 + 5*r**2 + 2*r - 1. Calculate the remainder when j(5) is divided by 28/7 + 0 + 1.
4
Let j(k) = -k**3 + 23*k**2 - 22*k + 23. Calculate the remainder when 34 is divided by j(22).
11
Suppose -2*i = -i - 6. Suppose -53 = m - i*m + 3*q, 0 = -4*m - 5*q + 35. Let c(h) = -h**3 - 3*h**2 - h + 1. What is the remainder when m is divided by c(-3)?
2
Suppose -b + 0*s - 5*s = -30, -102 = -4*b - 2*s. Let r(m) = -m**2 + 10*m - 12. Calculate the remainder when b is divided by r(5).
12
Let l(o) = -o + 7. Let f(x) = 2*x - 13. Let m(a) = 3*f(a) + 5*l(a). Let h be (-10 - -8)*(-5 + 1). What is the remainder when m(h) is divided by 3?
1
Suppose -18 = -3*o + 354. What is the remainder when o is divided by 42?
40
Let j(u) = u**2 + 3*u - 7. Let f(y) = -6*y - 1. Let x be f(-1). What is the remainder when j(x) is divided by 9?
6
Let p(m) = 14*m - m - 7*m + 7*m. What is the remainder when p(3) is divided by 10?
9
Suppose 93*o - 139 = 92*o. What is the remainder when o is divided by 24?
19
Suppose -3*n = 2*z - 131, 0 = -2*z - 0*z + n + 127. Suppose 5*l = l + z. Calculate the remainder when 47 is divided by l.
15
Let h(w) = -w**3 + 9*w**2 - 7*w + 11. Suppose 8 + 1 = 3*l. Suppose -4*s + i + 168 = -l*i, -205 = -5*s + 4*i. What is the remainder when s is divided by h(8)?
18
Let c = 32 - 46. Let h = c + 23. Calculate the remainder when 26 is divided by h.
8
Let t(i) = 2*i**2 - 3*i - 63. What is the remainder when t(10) is divided by 11?
8
Suppose 3*m = 9 + 6. What is the remainder when 9 is divided by m?
4
Let b = 32 - 10. Calculate the remainder when 107 is divided by b.
19
Suppose 0 = 2*o + o. Suppose o*p = 3*p - 129. What is the remainder when p is divided by 11?
10
Let i = -123 - -179. What is the remainder when i is divided by 20?
16
Let d(l) = l**2 + l - 8. Calculate the remainder when ((-18)/8)/((-6)/168) is divided by d(-6).
19
Suppose 11*k - 198 = 8*k. Let s = -35 + 52. What is the remainder when k is divided by s?
15
Calculate the remainder when (48 - 4)/(-2)*-1 is divided by 5.
2
Suppose 73 = -4*g - 23. Let l = g - -51. Let c(u) = -u**3 + 5*u**2 - 3*u + 10. Calculate the remainder when l is divided by c(4).
13
Let f = 2 - -6. Suppose -f = -8*w + 4*w. Calculate the remainder when 9 is divided by (-2 + 0)*(w - 5).
3
Let o(z) = 2*z**3 - 4*z**2 - 3*z + 6. What is th